{"id":56,"date":"2022-04-14T10:55:12","date_gmt":"2022-04-14T13:55:12","guid":{"rendered":"http:\/\/projetos.corabrandstudio.com\/aimeesemijoias\/?post_type=product&#038;p=56"},"modified":"2022-04-21T17:59:45","modified_gmt":"2022-04-21T20:59:45","slug":"pendente-olive-leaf","status":"publish","type":"product","link":"https:\/\/projetos.corabrandstudio.com\/aimeesemijoias\/produto\/pendente-olive-leaf\/","title":{"rendered":"Pendente Olive Leaf"},"content":{"rendered":"","protected":false},"excerpt":{"rendered":"<p>Inspirado no ramo de oliveira, s\u00edmbolo de paz e abund\u00e2ncia. Em ouro 18k com diamante em lapida\u00e7\u00e3o brilhante.<\/p>\n","protected":false},"featured_media":523,"comment_status":"open","ping_status":"closed","template":"","meta":[],"product_cat":[25,19],"product_tag":[41],"_links":{"self":[{"href":"https:\/\/projetos.corabrandstudio.com\/aimeesemijoias\/wp-json\/wp\/v2\/product\/56"}],"collection":[{"href":"https:\/\/projetos.corabrandstudio.com\/aimeesemijoias\/wp-json\/wp\/v2\/product"}],"about":[{"href":"https:\/\/projetos.corabrandstudio.com\/aimeesemijoias\/wp-json\/wp\/v2\/types\/product"}],"replies":[{"embeddable":true,"href":"https:\/\/projetos.corabrandstudio.com\/aimeesemijoias\/wp-json\/wp\/v2\/comments?post=56"}],"wp:featuredmedia":[{"embeddable":true,"href":"https:\/\/projetos.corabrandstudio.com\/aimeesemijoias\/wp-json\/wp\/v2\/media\/523"}],"wp:attachment":[{"href":"https:\/\/projetos.corabrandstudio.com\/aimeesemijoias\/wp-json\/wp\/v2\/media?parent=56"}],"wp:term":[{"taxonomy":"product_cat","embeddable":true,"href":"https:\/\/projetos.corabrandstudio.com\/aimeesemijoias\/wp-json\/wp\/v2\/product_cat?post=56"},{"taxonomy":"product_tag","embeddable":true,"href":"https:\/\/projetos.corabrandstudio.com\/aimeesemijoias\/wp-json\/wp\/v2\/product_tag?post=56"}],"curies":[{"name":"wp","href":"https:\/\/api.w.org\/{rel}","templated":true}]}}